ve o(g).
-16
Let d(n) = 0*n**3 - 2 - 5 - n**3 + 8 + 2*n**2 + 8*n. Calculate d(4).
1
Suppose 4*j = 24*j + 80. Let a(k) = -3*k - 8. Give a(j).
4
Let s(r) = r**2 + 5*r - 5. Let f be s(4). Suppose x = -3*x + 4, -x = -5*h - f. Let l(o) = -o**2 - 5*o - 3. What is l(h)?
-9
Let v(w) = -w**3 - 5*w**2 + 5*w + 2. Suppose -6*q = -8*q + 6. Suppose -4 = d + 5. Let k = q + d. Calculate v(k).
8
Suppose 0 = 2*v - 2*t - 2, v - t + 17 = 3*v. Let h(s) = s**3 - 6*s**2 + 3*s - 1. What is h(v)?
17
Let k(g) be the third derivative of g**8/4032 + g**7/5040 + 11*g**5/60 + 8*g**2. Let l(y) be the third derivative of k(y). Determine l(-1).
4
Let y(a) = -5*a + 7. Suppose 9*h = 8*h - 5*l + 16, h = -2*l + 10. What is y(h)?
-23
Let f(j) = j**2 + 6*j + 6. Let n(b) = 2*b + 6. Let q be n(0). Suppose 2 - q = u. Determine f(u).
-2
Suppose 5*d + 6 = 16. Let b(c) be the third derivative of 1/2*c**3 - 7*c**2 + 0*c + 1/15*c**5 - 1/6*c**4 + 0 - 1/60*c**6. Give b(d).
-5
Let p(o) be the second derivative of o**7/2520 - o**5/120 + 3*o**4/4 - 9*o. Let t(a) be the third derivative of p(a). What is t(-3)?
8
Let k(l) be the first derivative of l**4/4 + 2*l**3 - 3*l**2 - 2*l + 16. Let w = 6 - 13. Give k(w).
-9
Let o(i) = 3*i - 7. Let m be o(3). Let j(r) = -2*r + 14*r**m + 1 - r**3 + 12*r**2 - 23*r**2. Calculate j(3).
-5
Suppose 5*u + 3*x + 25 = -0*u, 5*x + 21 = 2*u. Let v be -3 - (3 + -5) - (-3 + u). Let f(r) = -r - 1. What is f(v)?
-5
Let j(a) = a**2 + 3*a. Let d be j(-3). Let w(b) = -b**3 - 1. Let f(l) = -5*l**3 - l**2 - 7. Suppose 3*c = -7*c + 10. Let t(v) = c*f(v) - 6*w(v). Determine t(d).
-1
Let u(d) = -2 - 24*d**2 - 13*d + 6*d**2 - d**3 + 15*d**2 + 18*d. Let z be (4/(-3))/(2/6). Calculate u(z).
-6
Suppose 0 = 2*r + x - 4 - 5, r = 5*x - 1. Suppose -r*o + 3 = -5. Let h(q) = 7*q - 4 - 2 - 24*q**o + 23*q**2. Calculate h(5).
4
Let g(h) = 3*h - 4*h + 29*h**2 + 12*h**2 - 24*h**2 - 1 + 8*h**2. Give g(-1).
25
Let a(r) = -11*r**3 + r**2. Suppose 2*f + f - 6 = 0, 0 = 4*j + 2*f. Calculate a(j).
12
Let p(s) be the first derivative of s**4/4 + 4*s**3 + 5*s**2 - 10*s - 8. Let f be p(-11). Let c(b) = -2 - 4 + b**3 - 2*b**2 - 2*b + f + 4. What is c(3)?
2
Let f(o) = 3*o + 8. Suppose 5*a - 22 = -l + 2*l, -3*l + 4*a = 11. Let p = -472 + 477. Suppose 4 = -5*k - 6, -8 = l*b - p*k. Give f(b).
-10
Let f(q) = -q**3 + 3*q**2 + 7*q - 5. Let k be (-13)/(-78) + (-2)/(12/(-23)). Calculate f(k).
7
Suppose 3*u - 7*u - 1 = 5*t, -5*u = 4*t + 8. Let h be u - (-1)/(0 + 1). Let p(q) be the second derivative of -2*q**3/3 - 2*q**2 + 4*q. What is p(h)?
8
Let v(g) = g - 7. Let u be v(8). Let a be (-1 + 9)/(4 + -2). Let t(f) = 2 + 7*f + a + u + f**2 + 0*f**2. Determine t(-6).
1
Let i(t) = 3221 - 6480 + t + 3234. What is i(13)?
-12
Let t(n) = 14 - 33*n + 13*n - 1 + 16*n + 9*n. Give t(-3).
-2
Let x = 0 - -1. Let u(c) = 11*c + 235. Let r(b) = -4*b - 83. Let m(k) = 17*r(k) + 6*u(k). What is m(x)?
-3
Let c(p) = -p - 8. Let x = 10 - 13. Determine c(x).
-5
Let c(r) = 8*r**2 + 2 + 4*r + r**3 + 3*r - 16*r. Let i be (-14 - -15) + (0 - -5). Suppose h - 45 = i*h. Give c(h).
2
Let b(j) be the third derivative of -j**5/15 - j**4/12 - j**3/6 + j**2. Suppose 0 = u - 5*t - 14, 4 = 2*u - 3*u - t. Determine b(u).
-3
Let z(n) = 22*n**2 - 39*n**2 - 2*n + 4*n**3 - 5*n**3 - 10 + n. What is z(-17)?
7
Let a = -5 + 32. Let x = 39 - a. Let n(o) = 12 - x + 4*o. Determine n(-2).
-8
Let y(m) be the second derivative of m**4/12 - 7*m**3/6 - 5*m**2/2 + m + 19. Let g = -16 - -24. Give y(g).
3
Let g(x) = -12*x + 5. Suppose -16*l = 52 - 116. Determine g(l).
-43
Let o(q) = -7*q - 4 + 11 - 4*q**2 - 19*q**3 + 11*q**3 + 9*q**3. Let t be o(5). Let p be (-4 - t) + (2 - 0). Let i(g) = 14*g**2. What is i(p)?
14
Let j(z) = 4*z - 1. Let b = 8 - 4. Suppose b*k - 13 = 3. Let c be 3/((-4)/k) - -6. Determine j(c).
11
Let i(l) = 3*l**2 + 21*l. Let n(d) be the first derivative of d**2/2 - 11. Let b(a) = i(a) - 18*n(a). Give b(-2).
6
Let i(b) = -106*b + 634. Let h be i(6). Let a(c) = c**3 + 2*c**2 + 2. Determine a(h).
2
Suppose -6*l = -l - 15. Let o be 2*((-6)/(-4))/l. Let r(u) = 6*u - 4*u**2 + 16*u + 15*u + 12*u - 47*u - 1. Give r(o).
-3
Suppose -18*w = -13*w. Let i(l) = l**3 + l**2 - l + 11. Calculate i(w).
11
Suppose -16 = -4*y + 4*q, -3*y + 0*q - 2*q = -17. Let l(s) = 15*s + y + 9*s + 1 - 26*s. Calculate l(4).
-2
Suppose 18*z - 13*z + 30 = 0. Let j(u) = 11*u**2 + 4*u - 6. Let w(d) = -5*d**2 - 2*d + 3. Let i(q) = z*j(q) - 13*w(q). Determine i(4).
-11
Let y(r) be the first derivative of 4*r + 1/2*r**2 + 53. Determine y(-12).
-8
Let t = 3 + 9. Let l be (-3)/(t/4) + 3. Suppose l*d - 3 = -d. Let n(u) = -3*u + 1. Calculate n(d).
-2
Let v(w) be the third derivative of -w**6/12 - w**5/60 - w**4/24 - w**3/6 + 2*w**2 + 18*w. Let q(b) = -b**2 + 15*b - 15. Let j be q(14). Determine v(j).
9
Let y be ((-10)/(-4))/(-5)*12. Let a(v) = -2*v**3 - 17*v**2 + 8*v + 11. Let o(h) = h**3 + 9*h**2 - 4*h - 6. Let d(s) = 4*a(s) + 7*o(s). Determine d(y).
14
Let h(p) = -3*p - 14. Let m(d) = 6*d + 29. Let k(a) = 7*h(a) + 3*m(a). What is k(-6)?
7
Let i(c) = -c + 1. Let h be -2*(1 + 27/(-6)). Suppose -r = -h*r - 72. Let j be 12/(-10)*(-30)/r. Calculate i(j).
4
Let j = 0 - 2. Let l(a) = -2*a + 11. Let i(t) = -t + 6. Let f(o) = -11*i(o) + 6*l(o). Calculate f(j).
2
Suppose 8 = -28*q - 48. Let v(j) = -14*j**2 - 4*j - 3. What is v(q)?
-51
Let g(i) = i**2 + 9*i - 5. Let o be g(-10). Let c(h) be the second derivative of 11*h + 0 - 1/12*h**4 + 1/2*h**3 + 3*h**2. What is c(o)?
-4
Let q be (-2 - -5) + (-3)/(-12)*4. Let b(r) be the first derivative of -q + 0*r**2 + 1/3*r**3 + 0*r. Calculate b(-1).
1
Let q(r) = -31*r + 61. Let u(t) = -6*t + 12. Let g(p) = 2*q(p) - 11*u(p). Suppose -32*y + 37*y = 20. Let m be g(y). Let a(o) = o - 8. What is a(m)?
-2
Let p be 140/60 - (-4)/(-12). Let x = 1 + 1. Let d(g) = -10 - 3*g**x + g + 0 + 3*g**2 - g**p. Give d(0).
-10
Let m(d) = -d**2 - 3*d + 16. Let b be m(-6). Let u be 46/10 + 12/30. Let f(o) = 2 + 4*o - 3*o - u*o. Calculate f(b).
10
Suppose 0 = -5*n + 2*n. Let j = n - 4. Let t(v) be the second derivative of -v**4/12 - 2*v**3/3 - 3*v**2 - 6*v. What is t(j)?
-6
Let j(d) = -2*d**2 - 2*d. Let p be j(-1). Let a be -4*(-2)/(-2 + p). Let l(u) = -u - 2. Let t be l(a). Let f(n) = n**3 - n**2 - 3*n + 2. Give f(t).
0
Let y(t) = t - 11. Let z be (2/4)/(3/18). Suppose 5*u = 2*u + 9. Let d = z + u. Give y(d).
-5
Let k(g) = -6*g - 6. Let t(s) = 3*s + 3. Let y(f) = 3*k(f) + 5*t(f). Suppose -4*v - 9 = -21. Give y(v).
-12
Suppose 0 = -q + 40 + 48. Let h = q - 85. Let a(y) = -3*y + 1. Calculate a(h).
-8
Suppose n + 20 = 5*h - n, 16 = -2*h - 4*n. Let u be h/14 - (-324)/(-63). Let v(r) = -r**2 - 7*r - 4. Give v(u).
6
Let f(z) = -4*z - 65*z**2 + 66*z**2 + 2*z. Calculate f(2).
0
Let i(m) be the second derivative of -m**4/12 + 2*m**2 + 98*m. Calculate i(0).
4
Let d(o) = -o**3 - 5*o**2 + o + 3. Let z(a) = -8*a**2 + 15*a - 4 - 4*a**2 + 13*a**2 - 1. Let w be z(-15). Calculate d(w).
-2
Let s(q) = q - 4*q + 2*q + 7*q + q**2 + 1. Determine s(-3).
-8
Suppose -161*j + 168*j + 7 = 0. Let i(s) = -11*s + 1. Give i(j).
12
Let i = 1000 - 990. Let t(l) = -2*l**2 + 18*l + 22. Give t(i).
2
Let o(l) = -23*l + 17*l + 16*l - l**2 - 1. Determine o(7).
20
Let w(p) = 4*p**3 - 15*p**2 - 8*p - 8. Let c(f) = 2*f**3 + 3*f**3 - 3 - 16*f**2 + 0 - 6 - 8*f. Let u(t) = -5*c(t) + 6*w(t). Calculate u(-9).
-12
Let s(z) = -z**3 + 4*z**2 - 10*z + 18. Let r be s(2). Let g(h) = h**2 - 6*h - 3. What is g(r)?
-3
Let b(o) = -o**3 + 15*o**2 - 13*o - 2. Suppose 0 = -r + 5*y + 19, 8*r - 4*y - 60 = 4*r. Determine b(r).
12
Suppose 4*k - 14 = 2*t, 2*t = t - 3*k + 18. Let w be (-1)/t*(-12 - -12). Let b(h) = -1 + 2 + h + 2 - 2*h. Give b(w).
3
Let t(a) be the first derivative of 2*a**3/3 - 21*a**2/2 - 4*a + 546. Determine t(11).
7
Suppose 6*m = 10*m - 12. Suppose 2*q + 3*h = 17, m*q + 3*h - 24 = -h. Let s(d) = -q + 3 + 3*d + 2*d**2 - 3 - 6*d**3 + 5*d**3. Calculate s(3).
-4
Suppose -27 = -6*n + 3. Let r(h) = 5*h + 2*h**2 + 0 - h**3 - 8*h**2 - n. Give r(-7).
9
Let a(h) be the first derivative of 27 + 4*h + h**2 + 1/3*h**3. What is a(-3)?
7
Let r be -2 + 3 - 5/(-5). Let q(w) = -4*w + w**3 + 261 - 10*w**r - 274 + 14*w. Calculate q(9).
-4
Let f = 2 + -3. Let s(g) = -2 - 10*g**2 + g - 2*g**2 + 2*g + 6*g**2. Let j(k) = -3*k**2 + k - 1. Let v(l) = 7*j(l